digit of w?
3
Suppose 8*z - 2*z - 972 = 0. Let d = -77 + z. Suppose 0 = 4*a + 3*p - 2*p - 61, 5*a - d = -3*p. What is the units digit of a?
4
Let x be (-2*(-3)/(-6))/(2/2). What is the units digit of (-1805)/(-15) + 1 + x/3?
1
Suppose -15*m - 1301 = -10016. What is the units digit of m?
1
Suppose -2*t - f = 2*f - 6, -5*f = -2*t - 10. Suppose -3*o + d - 10 + 171 = t, 3*d = 5*o - 271. What is the units digit of o?
3
Suppose w = 5*u + 4 + 1, -15 = 3*w. Let p(r) = -62*r - 4. Let t be p(u). Let h = 170 - t. What is the units digit of h?
0
Suppose -4*x - 26 = -2*s, -5*s - 3*x + 17 = 4. Let w = -2 + s. Suppose -5*b - w*j = 2*j - 85, 4*b = 3*j + 47. What is the tens digit of b?
1
Suppose 5*h - 2*g - 8349 = 0, -10*h + 6666 = -6*h + 5*g. What is the units digit of h?
9
Suppose -x - 123 = -4*x. Let w = 311 + -316. Let a = w + x. What is the tens digit of a?
3
Let b = -1705 - -2554. What is the units digit of b?
9
Let g(w) = -278*w - 9. What is the units digit of g(-1)?
9
Let y = 54 + 951. What is the tens digit of y?
0
Suppose -2*o - 5*o + o = 0. Suppose -t + 2*z + 456 = t, o = 2*z + 4. What is the tens digit of t?
2
Let t(k) = 18 - 2 + 48*k - 29 - 17*k. Let b be t(4). Suppose 3 = -4*x + b. What is the tens digit of x?
2
Let s(z) = -6*z + 76. Let y be s(12). Let q(m) = -3*m**3 - 1. Let r be q(1). What is the units digit of r/(y/(-1)) - -18?
9
Let u = 46 + -46. Suppose -6*d + 665 - 149 = u. What is the units digit of d?
6
Let w(n) = 11*n**2 + 32*n - 1. What is the tens digit of w(-13)?
4
What is the tens digit of (-15)/(-12) + (-89726)/(-232)?
8
Let d = 89 + -171. Let r = 169 + d. Suppose 2*u = -9*x + 4*x + r, -3*x = -15. What is the tens digit of u?
3
Suppose -6413 = -2*u + 3*z, 167*z - 3201 = -u + 163*z. What is the thousands digit of u?
3
Let f be (8 + -1 - -3) + -4. Let d be 1*(f + 2 + -4). What is the tens digit of (d - 1)/(-3) + 42?
4
Suppose -1 - 13 = 2*r. Let k(u) be the second derivative of u**5/20 + 2*u**4/3 + 5*u**3/6 - u**2 - 34*u. What is the units digit of k(r)?
2
Let d = -97 + 479. What is the units digit of d?
2
Suppose 5*b = m - 966, 5*m + 87*b - 89*b = 4945. What is the units digit of m?
1
Suppose 0 = -2*q - 0 + 10. Suppose 0*g - 4*g = -3*r - 212, 2*g - 106 = -q*r. What is the tens digit of g?
5
Suppose 70 - 190 = -5*h. Suppose 3*n + 5*n = h. Suppose 2*g = -4*o + 118, 2*g - n*g = 3*o - 57. What is the tens digit of g?
6
Let j(f) = -f**3 - 24*f**2 + 26*f + 13. Let z be j(-25). What is the tens digit of -1*18*(4 + -4 + z)?
1
Let t = -377 - -1935. What is the units digit of t?
8
Suppose -2*f + 6*f + g = 8, -1 = -3*f - 2*g. Suppose f*i - 74 = i. What is the units digit of i?
7
Suppose 13*p - 17*p - 432 = 0. What is the units digit of 2/(-9) + (-4884)/p?
5
Let y(w) = 27*w**2 + 83 + 3*w - 28*w**2 + 47 - w. What is the hundreds digit of y(0)?
1
Suppose 2*o - 2758 - 2936 = 0. What is the hundreds digit of o?
8
Suppose -t = j + 2, -8*j - 3*t - 4 = -4*j. What is the tens digit of -4*38/(-4) + j?
4
Let c(h) = -h**3 + 3*h**2 - 2*h + 55. What is the tens digit of c(0)?
5
Suppose -41*g + 36049 = -43942. What is the units digit of g?
1
Let p(o) = o**3 - 24*o**2 + 126*o - 99. What is the units digit of p(23)?
0
Let l(t) = -t**2 - 2*t - 6. Let p be l(6). Let j = 3 - p. Let w = 88 - j. What is the units digit of w?
1
Let z be (-1 + 1)/(8/8). Let s be (-10 + z)*30/(-12). What is the units digit of -1 + 0 - (9 - s)?
5
Let q(n) = 20*n**2 - 2*n - 2. Let c be q(-2). Let g = c - 8. What is the tens digit of g?
7
Let v be ((-2008)/(-20))/((-6)/(-15)). Let j = v + -133. What is the units digit of j?
8
Suppose 34*t - 6087 = 7309. What is the tens digit of t?
9
Suppose -28*w + 31575 = -3*w. What is the units digit of w?
3
Let f be 7 + 2 + -5 + 6 + 0. Suppose 3 = a - f. What is the tens digit of a?
1
Suppose -6*m - 129 + 4797 = 0. What is the units digit of m?
8
What is the units digit of 2/(-11) + ((-6476)/(-44))/1?
7
Let v = -890 + 1375. What is the tens digit of v?
8
What is the units digit of 22*222/(-6)*(-1 + 0)?
4
Suppose 0*q - 5*q + 275 = 0. Let v = 6 + q. Suppose -2*a = 3*u - 55, -2*a + 9 + v = 4*u. What is the units digit of u?
5
Let q be (22/(-3))/(44/726). Let x(h) = -12*h - 8. Let b be x(6). Let n = b - q. What is the units digit of n?
1
Let y(a) = 18*a. Let l be y(2). Let x(z) = -z**2 - 24*z - 105. Let i be x(-18). Suppose l = i*p + p. What is the units digit of p?
9
Let w(y) = y**2 - 5*y - 6. Let h(u) = -2*u**2 + 10*u + 12. Let j(q) = 2*h(q) + 5*w(q). Let z be j(6). What is the units digit of (-10 - -11)*(27 - z)?
7
Let h(x) = 15*x**2 - 10*x + 4. What is the tens digit of h(4)?
0
What is the tens digit of (-2)/10*-1 - 34916/(-70)?
9
Let t = 421 - 285. What is the hundreds digit of t?
1
Let k(t) = -8*t + 8 - t**2 + t**2 + t**2 + 0. Let p be k(7). What is the units digit of 38/(0 + p + 0)?
8
Let q(i) = i**2 + 7*i - 9. Let z be q(-10). Suppose -29 + z = -l. What is the units digit of l?
8
Suppose -5531 - 4589 = -5*s. What is the hundreds digit of s?
0
Let j be 92 - (5 + (-12)/4). Suppose -k + j = -4*a, -5*k + 575 = 3*a + 2*a. Suppose -9*l + 4*l = -k. What is the units digit of l?
2
Let h = -7285 + 10300. What is the hundreds digit of h?
0
Suppose -5*s = -5*f - 2*s + 66, -27 = -f - 4*s. Suppose -2*t - f = -7*t. Suppose -t*r + 29 = -37. What is the tens digit of r?
2
Suppose -9*b + 5629 = -4*b - u, 4*b - 4508 = -4*u. What is the tens digit of b?
2
What is the hundreds digit of 4 + (-2 - -437) + 2 + 0?
4
Let x be (-1)/((-5)/15) + -12. What is the units digit of (-408)/(-30) + x/15?
3
Let l(i) = 25*i**2 - 10*i - 11. What is the tens digit of l(-3)?
4
Let w(g) = -g**2 - 13*g - 26. Let l be w(-11). What is the hundreds digit of 3934/21 + 5/((-30)/l)?
1
Let l = -25 - -32. What is the hundreds digit of (-4)/l*-214 + 4/(-14)?
1
Suppose 5*y - 4*b = -8*b + 456, -4*y - 4*b = -364. Suppose -4*z + 5*l + y = 0, 5*z - 2*l + 0*l = 132. What is the tens digit of z?
2
Let n be 6/((-5)/(-70)*1). Suppose 0 = -5*l + n + 61. What is the units digit of l?
9
Let h = 8 - 8. Suppose -o + 5*o - 20 = h. Suppose -o*r + 100 = 10. What is the tens digit of r?
1
Suppose -4*m + 5*c + 985 = -231, -5*m = 5*c - 1475. What is the units digit of m?
9
Let k(t) = 818*t**2 - 20*t + 16. What is the tens digit of k(2)?
4
Suppose 109*j - 47877 = 91861. What is the units digit of j?
2
Suppose 0 = -4*o + 1438 + 1222. What is the hundreds digit of o?
6
Suppose 3*m = w - 0*m - 10, 20 = 2*w + 3*m. Suppose 0 = -6*j + 11*j - w. Suppose 3*a - p = 47, -36 = -j*a + p - 5. What is the tens digit of a?
1
Let x = 2633 - 1711. What is the tens digit of x?
2
What is the tens digit of (161/(-14))/((-3)/102)?
9
Let x = 40 - 18. Suppose -t = -w - 2, t = 3*t + 4*w - x. Suppose 2*o - 3 = t. What is the units digit of o?
4
Suppose -16 = -2*p - 12. Suppose p*x - 132 = -2*w, -3*x - 178 = -3*w - x. What is the units digit of w?
2
Let j = 11 - 8. Suppose 0 = -a - j*a + 148. What is the tens digit of a?
3
Suppose 0 = -2*s + 602 + 582. What is the units digit of s?
2
Let i = 147 - 171. What is the hundreds digit of ((-168)/(-4))/((-4)/i)?
2
Suppose 5*p - 191 = 39. What is the tens digit of p?
4
Let p be 13/4 + (-6)/24. Suppose -o = -2*d + 4*d - 25, -p*d + 60 = 3*o. What is the units digit of o?
5
Suppose 0 = 3*x + l - 1274, 3*x + 0*x - 1282 = -5*l. What is the units digit of x?
4
Suppose 7*c - 3*c + 5*n = 12, 2*c + n - 6 = 0. Suppose c*v = -2*i + 170, 3*i - 257 = 4*v - 9*v. What is the units digit of i?
9
Let m(j) be the first derivative of 2*j**3/3 + j**2 + 75*j - 15. What is the tens digit of m(0)?
7
Let g = -17 - 101. Let v = g - -232. What is the units digit of v?
4
Let l be (-37)/(-5) - 3/(-5). Suppose -2*v + l = 2. What is the units digit of 69/18 - v/(-18)?
4
Let r(n) = n - 2*n + 6 + 9 + 2*n. Let g be r(-12). What is the tens digit of (6/g)/((-6)/(-180))?
6
Let s = -19 + 27. Let q = 10 - s. What is the units digit of (26 - 2) + q/2?
5
Let m(j) = j + 3. Let d be m(5). Suppose 5*v + d = -2*u, 0 = -8*v + 3*v. Let h(i) = i**2 - i + 2. What is the tens digit of h(u)?
2
Suppose 2*k = 3*k + 2, -1240 = -2*l + k. What is the units digit of l?
9
Let i = -25 - -404. What is the hundreds digit of i?
3
Let o = 15 + 22. Let z = o - -45. What is the units digit of z?
2
Suppose 2*s + y - 1970 = 0, -3*s + 961 = 2*y - 1994. What is